git of 58208923?
8
What is the tens digit of 8208455069?
6
What is the thousands digit of 103152644?
2
What is the ten thousands digit of 5403648056?
4
What is the tens digit of 49391576?
7
What is the ten thousands digit of 91303501?
0
What is the thousands digit of 58335?
8
What is the ten thousands digit of 223343047?
4
What is the hundreds digit of 27274618?
6
What is the hundreds digit of 68596187?
1
What is the hundred thousands digit of 3636274365?
2
What is the tens digit of 174296303?
0
What is the hundred thousands digit of 852991622?
9
What is the hundred thousands digit of 403912002?
9
What is the units digit of 453840012?
2
What is the ten millions digit of 246964117?
4
What is the tens digit of 21813653?
5
What is the hundreds digit of 1084070804?
8
What is the units digit of 350362823?
3
What is the units digit of 316254625?
5
What is the hundred thousands digit of 463583608?
5
What is the ten thousands digit of 407665162?
6
What is the ten thousands digit of 32477059?
7
What is the hundred thousands digit of 67119986?
1
What is the hundred thousands digit of 33730910?
7
What is the thousands digit of 7209901097?
1
What is the hundred thousands digit of 2614759175?
7
What is the ten millions digit of 1123294520?
2
What is the units digit of 2407130401?
1
What is the hundred thousands digit of 82482690?
4
What is the ten thousands digit of 6062144059?
4
What is the units digit of 52354912?
2
What is the ten millions digit of 1725323137?
2
What is the millions digit of 1792178674?
2
What is the units digit of 138545140?
0
What is the ten thousands digit of 2645326483?
2
What is the thousands digit of 703184644?
4
What is the hundred thousands digit of 344927745?
9
What is the hundreds digit of 229762444?
4
What is the millions digit of 438757147?
8
What is the hundred millions digit of 250288018?
2
What is the hundred millions digit of 634089320?
6
What is the ten thousands digit of 42789363?
8
What is the ten millions digit of 40628173?
4
What is the hundreds digit of 597157408?
4
What is the ten thousands digit of 1330121099?
2
What is the tens digit of 870656912?
1
What is the ten thousands digit of 176710403?
1
What is the hundred thousands digit of 1143705612?
7
What is the tens digit of 801048942?
4
What is the hundreds digit of 136467416?
4
What is the ten thousands digit of 16673695?
7
What is the millions digit of 11757339?
1
What is the tens digit of 494094455?
5
What is the ten thousands digit of 19007373?
0
What is the ten thousands digit of 142310374?
1
What is the ten millions digit of 1781826411?
8
What is the tens digit of 61725409?
0
What is the hundreds digit of 1333609295?
2
What is the units digit of 996007971?
1
What is the units digit of 75539126?
6
What is the tens digit of 530444482?
8
What is the hundreds digit of 3622505271?
2
What is the ten thousands digit of 1200146619?
4
What is the ten millions digit of 19780589?
1
What is the ten thousands digit of 967120959?
2
What is the hundred thousands digit of 2484632586?
6
What is the hundred thousands digit of 203078163?
0
What is the millions digit of 37591343?
7
What is the hundred thousands digit of 809786245?
7
What is the thousands digit of 3499055988?
5
What is the hundred millions digit of 2264805444?
2
What is the ten thousands digit of 135912517?
1
What is the millions digit of 8594010?
8
What is the hundreds digit of 21309564?
5
What is the hundreds digit of 598204933?
9
What is the hundreds digit of 324297595?
5
What is the units digit of 2638059250?
0
What is the ten millions digit of 37489110?
3
What is the ten thousands digit of 62774589?
7
What is the ten millions digit of 12430125?
1
What is the hundreds digit of 243573437?
4
What is the thousands digit of 187314111?
4
What is the ten millions digit of 4843648260?
4
What is the ten thousands digit of 164490553?
9
What is the millions digit of 29421232?
9
What is the millions digit of 36815993?
6
What is the tens digit of 46369251?
5
What is the hundreds digit of 35805749?
7
What is the hundred thousands digit of 131627305?
6
What is the millions digit of 89270984?
9
What is the tens digit of 80386069?
6
What is the hundred thousands digit of 8787601?
7
What is the hundred millions digit of 388032308?
3
What is the ten millions digit of 711089230?
1
What is the ten thousands digit of 10579540?
7
What is the ten millions digit of 3523089845?
2
What is the tens digit of 174791188?
8
What is the ten millions digit of 55615482?
5
What is the hundred thousands digit of 765094266?
0
What is the hundred thousands digit of 255195967?
1
What is the hundreds digit of 2252895?
8
What is the hundred thousands digit of 670261732?
2
What is the millions digit of 21712657?
1
What is the hundred thousands digit of 21593275?
5
What is the ten thousands digit of 14978047?
7
What is the thousands digit of 2043210348?
0
What is the hundred thousands digit of 3780468306?
4
What is the thousands digit of 1251581353?
1
What is the ten millions digit of 381043703?
8
What is the billions digit of 1394835310?
1
What is the ten millions digit of 2251907606?
5
What is the thousands digit of 2003902585?
2
What is the hundred millions digit of 1825179278?
8
What is the tens digit of 194545781?
8
What is the millions digit of 82971589?
2
What is the thousands digit of 183911466?
1
What is the millions digit of 203708880?
3
What is the tens digit of 676623845?
4
What is the hundreds digit of 10988130?
1
What is the thousands digit of 372062929?
2
What is the thousands digit of 18713593?
3
What is the units digit of 150155375?
5
What is the ten thousands digit of 50430541?
3
What is the millions digit of 1895655926?
5
What is the ten thousands digit of 34802320?
0
What is the hundred thousands digit of 68368328?
3
What is the ten thousands digit of 1200703?
0
What is the units digit of 162506838?
8
What is the hundred millions digit of 104350192?
1
What is the ten thousands digit of 17491495?
9
What is the millions digit of 54527927?
4
What is the millions digit of 24931839?
4
What is the millions digit of 152372922?
2
What is the units digit of 371769704?
4
What is the hundred thousands digit of 76053851?
0
What is the millions digit of 458618277?
8
What is the ten thousands digit of 197284230?
8
What is the thousands digit of 60709472?
9
What is the millions digit of 791472042?
1
What is the millions digit of 125297841?
5
What is the ten millions digit of 118367512?
1
What is the hundred millions digit of 702574447?
7
What is the hundred millions digit of 129571580?
1
What is the units digit of 3555707180?
0
What is the hundred thousands digit of 569635560?
6
What is the thousands digit of 277724558?
4
What is the thousands digit of 26699584?
9
What is the hundred thousands digit of 89309227?
3
What is the ten thousands digit of 2252812601?
1
What is the millions digit of 119563228?
9
What is the millions digit of 693763452?
3
What is the thousands digit of 17744264?
4
What is the hundred thousands digit of 233991270?
9
What is the hundreds digit of 88974993?
9
What is the thousands digit of 109771472?
1
What is the millions digit of 530745628?
0
What is the millions digit of 59516217?
9
What is the millions digit of 267553293?
7
What is the hundreds digit of 607250033?
0
What is the millions digit of 114684928?
4
What is the units digit of 3133061238?
8
What is the hundreds digit of 354494663?
6
What is the hundreds digit of 594858149?
1
What is the ten millions digit of 2320992669?
2
What is the units digit of 979742716?
6
What is the ten thousands digit of 733811991?
1
What is the hundreds digit of 63522778?
7
What is the hundreds digit of 65553512?
5
What is the thousands digit of 3833402252?
2
What is the ten thousands digit of 1246616478?
1
What is the units digit of 34129980?
0
What is the tens digit of 83037962?
6
What is the ten thousands digit of 12234283?
3
What is the thousands digit of 48764452?
4
What is the hundred thousands digit of 203988305?
9
What is the ten thousands digit of 573159206?
5
What is the hundreds digit of 258537234?
2
What is the hundreds digit of 37240647?
6
What is the hundred thousands digit of 46438060?
4
What is the hundred thousands digit of 2193915390?
9
What is the thousands dig